u)/(-1 + (-10)/(-8)).
101
Let n(v) be the third derivative of -v**6/120 + 19*v**5/60 + 49*v**4/24 - 17*v**3/6 - 2*v**2. List the prime factors of n(21).
2, 5, 13
Let g(f) be the first derivative of -11*f**2/2 + 18*f - 47. What are the prime factors of g(-2)?
2, 5
Suppose 2*x + 0*x - 4*g = 3502, -5*x + 3*g = -8727. What are the prime factors of x?
3, 7, 83
Suppose -5*p + 2303 = 4*l, 2276 = 4*l - 16*p + 12*p. What are the prime factors of l?
2, 11, 13
What are the prime factors of (-32)/(-72) + 66/(-27) - -262?
2, 5, 13
Let b(y) = -y**2 + 79*y - 14. List the prime factors of b(28).
2, 7, 101
Let v = -57 + 35. Let k = 35 + v. List the prime factors of k.
13
Suppose 0*n + 5*n = 15. Suppose -n*z + 130 = 3*q - 236, -2*z - 119 = -q. What are the prime factors of q?
11
Let j(z) = 2*z**3 + 17*z**2 - 35*z - 24. Let u(d) = 5*d**3 + 33*d**2 - 69*d - 49. Let n(s) = -7*j(s) + 3*u(s). List the prime factors of n(18).
3, 19
Let v(t) = 9*t**3 + t**2 - 9*t + 9. List the prime factors of v(4).
5, 113
Let o = -1228 - -1774. Suppose x + 6*x = o. List the prime factors of x.
2, 3, 13
Suppose 2*w - 5*u - 139 = 0, 7*w = 4*w + 2*u + 236. Let h = w - 27. List the prime factors of h.
5, 11
Let i be (-1)/(-2)*24/4. Suppose i*j - 2 = -2*m - 4, m + 7 = -3*j. Suppose f - k = 22, m*f + 0*k - 2*k - 98 = 0. List the prime factors of f.
2, 3
Suppose a - 5 - 3 = 0. Suppose 0 = -8*r + 12*r - a. Suppose -2*v + 64 = h, 5*h = r*v - v + 276. List the prime factors of h.
2, 7
Let o = 1 + 2. Let y(q) be the third derivative of 5*q**4/24 + 5*q**3/6 - q**2 + 155*q. List the prime factors of y(o).
2, 5
Let t = -3444 - -4941. List the prime factors of t.
3, 499
Suppose 11998 = -43*f + 50*f. List the prime factors of f.
2, 857
Suppose 0 = -6*c - 0*c + 4776. List the prime factors of c.
2, 199
Suppose -43*x + 23*x = -540. What are the prime factors of x?
3
Let x = -34 - -37. List the prime factors of (9/1)/(9/x).
3
Let l = 606 - -242. List the prime factors of l.
2, 53
List the prime factors of (-768)/(-288)*(-1170)/(-4).
2, 3, 5, 13
Let m(v) = v**3 + 7*v**2 - 10*v + 2. Let q(a) = -a**3 - 11*a**2 - 8*a + 12. Let l be q(-10). List the prime factors of m(l).
2, 3
Let h = -2254 - -1062. Let l be 4/(-18) + h/(-18). Suppose 2*r = 5*r - l. What are the prime factors of r?
2, 11
Let j be (-5705)/(-20) - (1 - 0)/4. Let v = j + -137. What are the prime factors of v?
2, 37
Suppose 4553*v + 50130 = 4568*v. List the prime factors of v.
2, 3, 557
Let t(x) = -x**3 - 6*x**2 + 7*x. Let p be t(-7). Let k = p - -2. What are the prime factors of -1 + k + 18 - 3?
2
Let c = 25 + -69. What are the prime factors of (2/2)/(-1 + (-45)/c)?
2, 11
Suppose -u - i + 102 = 3*i, -4*u + 460 = 3*i. Suppose -2*q + 172 = -u. What are the prime factors of q?
5, 29
Let g(t) = t**2 + 4*t - 9. Let d(q) = -9*q**2 + q + 2. Let n be d(-1). List the prime factors of g(n).
23
Suppose 3*t = 8 - 2. Suppose -15*i = -t*i - 572. What are the prime factors of i?
2, 11
Suppose w + 2*w = 39. Let l = -7 + w. Let z = 46 + l. List the prime factors of z.
2, 13
Suppose 9 = 5*h - 11, -2*o - 5*h + 150 = 0. List the prime factors of 18*((-26)/(-20) + 13/o).
3
Let f(w) = -3*w**2 - 2*w - w**3 - 4 + 0*w**2 - 3*w - 2*w**2. Let t be f(-4). What are the prime factors of t - (-1 + 1) - -64?
2
Let q(g) = -g**2 - 8*g - 2. Let l be q(-7). Let f = 7 - l. Suppose -20 = 4*z, -f*z - 27 = -2*b + b. What are the prime factors of b?
17
Let y = -147 - -1027. What are the prime factors of y?
2, 5, 11
Let r = 35 - -333. Suppose -3*s + 2*y - r = -5*s, 358 = 2*s - 3*y. List the prime factors of s.
2, 7, 13
Let o(l) = 18*l**3 + l**2 + 2*l - 3. Let h = -81 - -83. List the prime factors of o(h).
149
What are the prime factors of (425/(-34))/((-2)/56)?
2, 5, 7
Let v be (-4 - 5)*2/3. Let j be 9/v*120/(-18). Suppose 41 + j = u. List the prime factors of u.
3, 17
What are the prime factors of -2 + (-36)/(-20) + 4892/10?
3, 163
Suppose 2211 = 3*v + 3*c, c = 2*v - 4*v + 1479. List the prime factors of v.
2, 7, 53
Suppose -1140 = -4*n + 10*i - 12*i, -n = 5*i - 303. What are the prime factors of n?
283
Let r(s) = 143*s - 34. List the prime factors of r(2).
2, 3, 7
Suppose 2200 + 1982 = 6*l. What are the prime factors of l?
17, 41
Suppose -q + 2*w - 3 + 1 = 0, 4*q + 5*w + 34 = 0. Let z be (15/(-10))/(q/20). What are the prime factors of 6/(-6) + z + -1?
3
Suppose 5*w - 5*n = 17485, -169*n = 2*w - 172*n - 6990. What are the prime factors of w?
3, 389
Suppose -3*u + 2*s = -40, 5*u - 9 = 4*s + 59. Let w(x) = 6*x - 12. List the prime factors of w(u).
2, 3, 5
Suppose -107*m - 7 = -114*m. Let h = -68 + 20. List the prime factors of (m/((-3)/h))/2.
2
Let n = -4134 + 7342. What are the prime factors of n?
2, 401
Let q(d) = -7*d**2 + 7*d + 4. Let g(v) = v. Let m(b) = -6*g(b) - q(b). What are the prime factors of m(4)?
2, 7
Let y = 2714 - 1903. Let s = -563 + y. List the prime factors of s.
2, 31
Suppose 0 = -5*y - 3*a + a, -2*y + 3*a = 0. Suppose y = -3*n + 1 + 8. Suppose 4*l - n*t = 14 + 90, -3*t = 4*l - 104. What are the prime factors of l?
2, 13
Suppose 8*h + 2*h - 2100 = 0. List the prime factors of h.
2, 3, 5, 7
Let f(d) = 3*d**2 + 4*d - 3. Let h be f(5). List the prime factors of (h/10)/(3/15).
2, 23
Let q(v) = -v**2 + 9*v - 4. Let g(c) = -c**3 + 7*c**2 - 6*c + 5. Let i be g(5). Suppose -4*o + s - 4*s + i = 0, -s = -3. What are the prime factors of q(o)?
2
Let v(q) = -q**3 - 19*q**2 - 30*q + 30. List the prime factors of v(-24).
2, 3, 5, 11
Suppose 0 = -a - 5*a - 324. Let j = a - -126. What are the prime factors of j?
2, 3
Suppose a + 1143 + 9 = q, 2*q + 5*a = 2269. List the prime factors of q.
31, 37
Suppose 2*r - 242 = 2*s, -3*r = -7*r + 2*s + 490. Let g = -64 + r. Let u = 84 - g. List the prime factors of u.
2, 3
Let x(i) = 3*i**2 + 2*i. Let v be x(3). Let h be (-3)/(-1)*(-9 - -4). Let n = v + h. What are the prime factors of n?
2, 3
Let y(z) = 10*z**2 - 18*z + 2. What are the prime factors of y(-4)?
2, 3, 13
Let f(q) be the third derivative of 0*q + 1/15*q**5 - 1/40*q**6 + 0 + 2*q**2 + 1/12*q**4 - 1/6*q**3. What are the prime factors of f(-2)?
5, 7
Let l(a) = -2*a**2 + 9*a - 3. Let f be l(4). List the prime factors of f/(1 + 291/(-294)).
2, 7
Let w be (-16)/56 - 16/(-7). Suppose w*k - 7*k + 5*q + 150 = 0, k = 4*q + 21. What are the prime factors of k?
3, 11
Suppose 0 = 4*o - 1938 + 110. List the prime factors of o.
457
Suppose 3*m + 195 = 3*q, -4*q - 2*m + 5*m + 260 = 0. What are the prime factors of 1/5 - (-12662)/q?
3, 5, 13
Let t be (4 - 0)/((-1)/(-73)). Suppose 0 = z + s - 4*s - 87, 4*z - t = -2*s. What are the prime factors of z?
3, 5
Suppose 5*v - 6*v + 68 = 0. Let r = -3 + v. Let a = 133 - r. List the prime factors of a.
2, 17
Suppose -39 = -3*i + 93. Suppose 4*b + 2*g - 78 = 0, 16 = 4*b - 4*g - i. What are the prime factors of b?
2, 3
Let v(i) = 9*i**2 + 10*i + 10. List the prime factors of v(-9).
11, 59
Let x be 2 + 42 - 2/2. Suppose 40*y = x*y - 198. What are the prime factors of y?
2, 3, 11
Let d be 8/28 + 57/21. Suppose -q + d = -1. Suppose q*r - 232 = 4*b, 5*r = -b - 3*b + 299. What are the prime factors of r?
59
Let b = -7 + 29. Let v be (-150)/b - (-2)/(-11). Let m = v + 13. What are the prime factors of m?
2, 3
Let g(w) be the third derivative of 4*w**2 + 0 + 1/6*w**4 + 0*w + 23/6*w**3. What are the prime factors of g(11)?
67
Let t(q) = -5*q**3 - 4*q**2 + q + 7. Let f(s) = 6*s**3 + 4*s**2 - 8. Let c(r) = -4*f(r) - 5*t(r). Let z be c(-5). List the prime factors of ((-21)/14)/(z/16).
2
Let c be (-37582)/(-69)*3/2. Suppose 180 - c = -13*u. What are the prime factors of u?
7
Let a = -38 - -61. Let p = 21 - a. List the prime factors of (-6 - 5)/(p/6).
3, 11
Let d = 1429 + -983. List the prime factors of d.
2, 223
Let y(j) = j**3 - 9*j**2 + 5*j - 10. Let r be y(9). Let t be (-1)/(-2) + r/(-10). List the prime factors of 2613/52 - t/4.
3, 17
Let p(h) = -h**3 + h**2 + 3*h + 1. Let c be p(-3). What are the prime factors of c/21 + (-188)/(-3)?
2
Let j = -36 + 38. What are the prime factors of (-50)/(21/(-15) + j + -1)?
5
Let c(r) be the second derivative of 4*r**3/3 - 5*r**2/2 + 6*r. Let k be c(2). Suppose -g + k = -0*g. List the prime factors of g.
11
Let p(u) = 2*u**2 + 8*u - 3. Let w be p(-7). Suppose -n - w = -3*l, l + 0*n = -3*n + 23. Suppose -9*b - 70 = -l*b. What a